+ g. Let h = t - 15. Suppose f + 5*b = 392, -f + 739 = f - h*b. Is f prime?
False
Let n = -264 + 202. Let q be (-2 + 0)*(-119)/2. Let j = q + n. Is j a prime number?
False
Let m(b) = 412*b - 189. Is m(19) a prime number?
True
Let i(j) = j**2 - 23*j + 47. Let f be i(21). Suppose v - 2*r - 60 = 109, 0 = -3*v - f*r + 562. Is v composite?
False
Let d(u) = -u + 4. Let p be d(2). Suppose -3*q + 105 = f, -q + 2*f = -6*q + 175. Suppose -q + 321 = p*m. Is m a prime number?
False
Let r = -25 - -1064. Suppose -5*x + 4765 = -2*s, -3*x + r = -2*s - 1816. Is x a composite number?
True
Let w = -5800 - -9004. Suppose -4*t + w = -3152. Is t prime?
False
Suppose 0 = -3*d + 5 + 1. Is (d - 5) + 2 + 95 a prime number?
False
Let u(z) = 94*z**2 + 1. Let b be u(-1). Suppose -4*w = -a - 5*w, 0 = 4*a - 2*w - 24. Suppose a*f = -5*o + 155, -5*f - b = 2*o - 4*o. Is o a prime number?
False
Suppose -5*q + 13 = -132. Is 17/(-2)*(7 - q) composite?
True
Suppose 7*n - 2*n - 5 = 0. Let b(c) be the first derivative of 1143*c**2/2 + 2*c - 2. Is b(n) a prime number?
False
Suppose 9756 = -9*j + 90747. Is j prime?
True
Let o(q) = q**3 + 10. Let s be o(0). Is 489/(-1)*s/(-30) prime?
True
Let j(m) = 4*m**3 - m - 3. Suppose -s = 2*s + 6, -h - 5*s = 8. Suppose h*d - 5 - 3 = 0. Is j(d) composite?
True
Let i = 6012 - 315. Let q = i + -3646. Is q a prime number?
False
Suppose -f + 3*y + 15 = 2*f, -2*y - 10 = 0. Suppose f = 2*a + 5*c - 203, -91 = -a - 0*a + c. Is a prime?
False
Let r = -4332 + 1941. Is (-1*2)/((30/r)/5) prime?
True
Let p(z) = 979*z**2 + 7. Let l be p(-3). Suppose -3033 + l = 5*t. Is t a composite number?
True
Suppose 0 = 7*c + 4118 - 16361. Suppose 3*b + 2*o = -3*o + 1741, 3*o - c = -3*b. Is b a composite number?
False
Let x be 1*2 - (-3210)/15. Let z = x - 129. Is z a composite number?
True
Let t = 414 - 199. Let f = t + -65. Suppose -4*l = -3*w - 940, 5*w - f - 85 = -l. Is l prime?
False
Let p = -30897 + 77498. Is p prime?
True
Let z = 30 - 16. Is (-2 - z/(-10))*-2785 prime?
False
Suppose 0 = -3*v + 3*a - 4*a + 10, -4*a + 14 = -v. Suppose 282 = -v*l + 5*l. Let h = l + 19. Is h prime?
True
Suppose 0 = -4*i + 9*i + 215. Let m = 264 + i. Is m a composite number?
True
Let q be (-2)/4 - 78/12. Is (-4757)/q - 16/28 a prime number?
False
Suppose 5*o + 313 = 3*j, -2*j - o = 3*o - 216. Suppose -2*c + 0*c = -j. Is c prime?
True
Is 1 - (-5 - (-2 - -2151) - -2) composite?
False
Suppose 3*s = x + 20, -3 = -5*s - 4*x + 2. Suppose s*p = -3*n + 6*n - 127, 5*n - 185 = -5*p. Is n a prime number?
False
Let d(o) = 76*o. Let t be d(6). Suppose x = -x - 3*p + t, -1140 = -5*x - 4*p. Suppose b + 4*v = 73, 0*v + 3*v - x = -3*b. Is b prime?
False
Let y = -46 - -83. Let f = -130 + y. Let g = -47 - f. Is g prime?
False
Let d(r) = r + 19. Let l be d(-14). Suppose l*p = 11*p - 17598. Is p composite?
True
Let v(f) = f - 7. Let l be (36/(-16))/((-3)/16). Let j be v(l). Suppose m + 140 = j*m. Is m a prime number?
False
Let i = 4935 + -1224. Is i composite?
True
Let w = 323 - 84. Let f = -100 + w. Is f a prime number?
True
Let d = 1193 - 733. Suppose -4*t + d = 4*h, -5*h = 3*t - 390 + 45. Is t prime?
False
Let v(a) = 41*a**3 + 3*a**2 + 11*a - 13. Is v(6) prime?
False
Let t be 201/(-4) + 5/20. Let g be 6*1/(-2)*(-177)/9. Let u = g - t. Is u prime?
True
Suppose -4*c + 12 = -0*c. Is (46 + 3)/((3 - c) + 1) composite?
True
Suppose m + 20 = -4*m. Let v be m/18 + (-29)/(-9). Is 14 - (-1 - (-6)/v) a prime number?
True
Let b(z) = 17*z - 12*z + 19*z - 8 + 27*z. Is b(6) a composite number?
True
Suppose 5*w = 8*w - 492. Suppose -3*f + 633 = 2*s, 3*s - 1219 = -5*f - w. Is f a prime number?
True
Suppose 4*p + 0*d - 16 = 2*d, -5*p - 2*d + 2 = 0. Let x(r) = 0*r**2 + 3 + 15*r**2 + r**p + r - 10*r. Is x(8) a prime number?
False
Suppose -2*y + 5*m = -49466, -36*y + 5*m = -31*y - 123665. Is y composite?
False
Is 8/2 + (3184 - (-6 - -13)) composite?
False
Let n = 71 + -173. Let q = n - -199. Is q a composite number?
False
Suppose -2*z + 3*z - 1469 = 3*g, 4381 = 3*z + 4*g. Suppose -5848 - 84 = -4*h + 4*y, 5*y = h - z. Suppose -5*q = -157 - h. Is q a prime number?
False
Let o(p) = 6*p + 14. Let n = -3 + 6. Suppose l - n*l = -20. Is o(l) prime?
False
Suppose 0 = -2*o + 2*m, 0 = -2*o - m - 0*m + 9. Suppose 4*q = -3*h + o, 0 = -h - 0*h + 2*q - 9. Is h - 1 - -318 - -3 a prime number?
True
Suppose 134*l - 9545 = 111*l. Is l prime?
False
Suppose 0 = -2*a + 4, -f + 11*a + 5141 = 8*a. Is f composite?
False
Suppose 4*l - 6 = 2*l. Suppose -7*p = -l*p. Suppose 3*n - 701 - 2176 = p. Is n a prime number?
False
Let k(o) = o**3 - 5*o**2 + 3*o + 1. Let n be k(4). Let j be 0 - 0*1/n. Suppose 0 = -2*v + r + 501, j*r = 4*v + r - 1017. Is v composite?
True
Let z(v) = 1393*v - 214. Is z(15) composite?
False
Suppose 2*g - 2 = -g - 4*k, 3*g - 2*k = 26. Suppose -g*m = -0*m - 4146. Is m composite?
False
Is (-1)/(165265/(-41315) + 4 + 0) composite?
False
Is ((-127935)/36 - -6)/((-1)/4) prime?
False
Suppose 3*u = -7 + 7. Suppose u = -j - 5*w + 211, 4*j = 8*j - 5*w - 844. Is j a prime number?
True
Let w = 11 + -17. Is (7 + -10)/(w/388) a prime number?
False
Let n(z) = z**3 - 14*z**2 - z + 16. Let i be n(14). Suppose r = -i*r + 1023. Is r composite?
True
Let p(z) = 21*z**2 + 3*z - 11. Suppose 5*a + 3*w + 13 = 0, a - 17 + 2 = -5*w. Is p(a) a composite number?
False
Let d = 33 - -15. Suppose -3*a + d + 90 = 0. Is a a prime number?
False
Let o be (-1707)/(-6)*6 - -1. Suppose 4*u = -4*a + o, u - 211 = a + 206. Is u a composite number?
True
Let g = 1 - -6. Suppose 6*r - 29184 = g*r. Is (-1)/5 - r/95 a composite number?
False
Let y = 657 + -457. Suppose -y = 4*w + 3*h, 3*w + h - 216 = 7*w. Is (-8 + 5)*w/3 composite?
False
Let n(b) = 67*b**2 + 1. Let l = -3 - -2. Let m be n(l). Suppose -a + 3*x = -1, 4*a + 3*x = -x + m. Is a a prime number?
True
Let g = 187 + -85. Suppose 398 = 5*s - g. Suppose -s = -5*d + d. Is d a prime number?
False
Let k be -9 + 1*3*8/(-24). Is (-9488)/(-40) - (1*-2)/k composite?
True
Let y = 174 - -475. Is y a prime number?
False
Suppose 4*w = 10 - 26. Let s be (-115)/(-4) + w/(-16). Suppose 0 = 3*m + 2*z - 24 - s, -m + 11 = 4*z. Is m a prime number?
True
Let p(g) = -2*g**2 + 6*g + 6. Let k be p(0). Suppose 8*j - 10*j = k, 3*c - 5*j - 3318 = 0. Is c prime?
False
Suppose -1307 + 392 = -m. Suppose 0 = -5*v + 3050 + m. Is v a composite number?
True
Suppose 2465631 = 66*n + 836553. Is n a composite number?
False
Let s = -6090 - -15448. Is s a prime number?
False
Let i(d) = -14*d + 18. Let n(q) = -15*q + 20. Let z(s) = 4*i(s) - 3*n(s). Let o(p) = -p**3 - p**2 + p - 11. Let w be o(0). Is z(w) composite?
True
Let r be 3/2*5/(15/4). Suppose 2*c - 3*h - 133 = 0, r*h - 4*h + 167 = 3*c. Is c prime?
True
Let x(t) be the third derivative of -7*t**6/120 - t**5/12 + 5*t**4/8 + 7*t**3/3 - 4*t**2. Is x(-11) a composite number?
True
Let h(a) = 2*a**3 + 11*a**2 + 16*a + 8. Let r(o) = -5*o**3 - 33*o**2 - 48*o - 23. Let p(f) = 8*h(f) + 3*r(f). Is p(14) a prime number?
True
Let k(i) = i + 1. Let c(h) = 2*h**2 + 2*h - 15. Let d(l) = c(l) - 6*k(l). Is d(-8) composite?
False
Suppose -8*s - 4 = -20. Suppose 9 = s*y - 1, -2*y = m - 1769. Is m prime?
True
Is 85610/770 - (2/11 + 0) a prime number?
False
Let i = -5 + 8. Suppose -i*w + w + 236 = 0. Is w/(-3)*12/(-8) prime?
True
Let s(u) be the third derivative of 43*u**5/30 + 3*u**4/8 - 13*u**3/6 + 15*u**2. Is s(4) a prime number?
True
Let p be (-3 - 251/(-4)) + (-6)/(-24). Let v = 0 - 2. Is 5468/p + v/15 a composite number?
True
Let r(a) = -a**2 + a - 1114. Let q be r(0). Is (0 - -2)*q/(-4) a composite number?
False
Suppose 24*d - 167348 = 459028. Is d a composite number?
False
Let l be -16 - ((3 - 4) + 3 + -5). Let p = l - -104. Is p a composite number?
True
Let j(q) = -q**3 - 3*q**2 - 4*q - 2. Let g be j(-2). Let y be 1 - (-7 + 4 - 413). Suppose g*a = 5*a - y. Is a a composite number?
False
Suppose 96 = 2*c - 202. Is c a composite number?
False
Suppose 5*d = 15*z - 12*z - 10494, -d - 13975 = -4*z. Is z prime?
False
Suppose -9212 = -6*o + 2410. Is o a prime number?
False
Suppose -302694 = -12*o - 2*o. Is o a composite number?
True
Let y(g) = -g**3 - g**2 + 5*g + 11. Let f(n) = n**3 + 5*n**2 - 5*n. Let o be f(-6). Is y(o) a composite number?
True
Let n be -1 + 1 - (-233)/(-1). Let q be 48/(-20)*(-180)/(-54). Is (n/(-